0
Let d(l) = l**3 - 2*l**2 + 4*l - 5. What is the tens digit of d(3)?
1
Suppose -7*g + 30 = -2*g. What is the units digit of g?
6
Let f = 4 + -2. Suppose 0 = r + f + 1. What is the units digit of 15/(-4)*8/r?
0
Let y(g) = 4*g**2 - 7*g - 1. What is the tens digit of y(6)?
0
Let k = 92 + 41. What is the units digit of k?
3
Suppose -4*l = -m + 46, -5*l + 22 = m - l. Suppose 0*p + 2*p - m = -y, 0 = -5*p - 3*y + 86. What is the tens digit of p?
1
Suppose -5*i - 22 = -7, -i = 4*x - 177. What is the units digit of x?
5
Let o = -76 - -119. What is the units digit of o?
3
Suppose 0 = 2*q + 8 - 2, 2*l - q - 7 = 0. Suppose 4*r = -l*w - 0*r + 4, 3 = -r. What is the units digit of w?
8
What is the units digit of 3/(-18) + 91/6?
5
Let v be (2/(-3) - -2)*-3. What is the units digit of (6/v)/((-3)/18)?
9
Suppose 4*z - 214 = -2*m, 5*m - 5*z - 241 = 219. Suppose -3 = -5*f + m. What is the tens digit of f?
2
Suppose 0 = d + 3 - 9. What is the units digit of 82/4 - 9/d?
9
Let i = 19 + -12. What is the units digit of i?
7
Let c(i) = 4*i - 9. Let r(h) = -13*h + 27. Let l(a) = 7*c(a) + 2*r(a). What is the units digit of l(8)?
7
Let g(n) = 3*n**3 - n**2 - n - 1. What is the units digit of g(2)?
7
Let c(f) = -f**2 + f + 6. Let k be c(0). Suppose 0 = -3*t + 4*p + 1 + 18, 3*p = k. Suppose 6 = 2*o - v - 1, -2*o + 3*v = -t. What is the units digit of o?
3
Let y(v) = v**3 + 5*v**2 + 2*v. Let r be y(-3). Let j(i) = 14*i - 8 + 3 - i**2 - 11. What is the units digit of j(r)?
8
Let d(r) = -11*r**3 + 2*r**2 - r. Let b be d(1). What is the units digit of 12*(b/(-4) - 2)?
6
What is the units digit of (((-1)/(-3))/(-1))/(6/(-1962))?
9
Suppose b - j - 31 = 0, 0 = 2*j - 0 - 4. Suppose -b = -4*a + u, u - 8 - 4 = -a. What is the units digit of a?
9
Suppose -261 = -2*t - t + 3*r, 2 = -2*r. What is the tens digit of t?
8
Let q(s) = 30*s - 2. What is the tens digit of q(2)?
5
Let l(k) = k**3 - 5*k**2 + 4*k. Let j be l(4). Suppose j = -4*c + c + 21. What is the units digit of c?
7
Let d = 597 - 388. What is the units digit of d?
9
Let l(w) = w**2 + 4*w - 6. Let s(y) = y**2 - y - 2. Let f be s(3). What is the units digit of l(f)?
6
Suppose -4*c + 12 = 4. Suppose c*i = 4*o - 6*o - 6, -2*i - 9 = -o. Let t = o - -5. What is the units digit of t?
6
Let f(h) = -4*h - 1. Let v be f(-1). Suppose -6 = -3*q + p + v*p, 0 = -4*q - p + 27. What is the units digit of q?
6
Suppose 10 = 3*h - 5*h. Let r(a) = a**2 + 5*a + 4. What is the units digit of r(h)?
4
Let s be (-6)/18 + 124/(-6). Let y = -12 - s. What is the units digit of y?
9
What is the units digit of 3 - ((4 - 9) + 2)?
6
Suppose 2*u + 0 + 8 = 0. What is the units digit of 39/5 - u/20?
8
Let a(f) = -f**2 + 13*f + 3. What is the tens digit of a(9)?
3
Let x be (-2 - -3)*(0 + -2). Let v = x - -8. What is the units digit of v?
6
Suppose -p = -3*b + 1 + 7, 0 = -4*p + 3*b - 5. What is the units digit of p?
1
Let t be (-12)/(-14)*(-1 - -8). Let h = -2 + t. What is the tens digit of (2 + 0)*22/h?
1
Let a be (31 - -6) + (-2)/(-1). Suppose 4*p = p + a. What is the tens digit of p?
1
Let d = 75 + -44. Let v = d + -10. What is the tens digit of v?
2
Suppose -4*u - 19 = -7, -2*f + 5*u = -21. Suppose 3*p - 6*p = -f. Let n = p - -6. What is the units digit of n?
7
Let h = 146 - 26. What is the hundreds digit of h?
1
Let v(d) = -d**3 - 4*d**2 - 2*d + 4. Let a be v(-4). Suppose 33 - a = 3*l. What is the units digit of l?
7
Suppose -280 = -4*s - 0*s. Suppose -4*z + 82 + s = 5*j, 4*j = -4*z + 148. What is the tens digit of z?
3
Let r be (-4)/(-2)*(3 + -7). Suppose 4*m + 4*a - 6*a - 42 = 0, 3*a = -2*m + 41. Let j = r + m. What is the units digit of j?
5
Suppose -9*o + 10*o = 11. What is the units digit of o?
1
Let b = -49 - -90. What is the tens digit of b?
4
Suppose -x = x - 10. Suppose x*m - 49 - 36 = 0. What is the tens digit of m?
1
Let v = -12 + 15. Suppose -29 = -p + 2*r, -2*p = v*r - r - 46. What is the units digit of p?
5
Suppose a + 4*k - 77 = 0, -k = -2*a + 3*k + 166. Suppose -4*o - 88 = -3*z, -3*o = -3*z + a + 3. What is the units digit of z?
4
What is the tens digit of ((-10)/(-8))/(9/144)?
2
Let q = 2 + 1. Let i = 3 - q. Suppose -w + i = -3. What is the units digit of w?
3
Let s(k) be the first derivative of -k**4/4 + 2*k**3/3 + 3*k**2/2 - 2*k + 3. Let u be s(3). Let q = 7 - u. What is the units digit of q?
9
Suppose 5*a = 2*d + 21 + 10, 0 = -5*a - d + 37. Let h = a - 15. Let f = h + 17. What is the units digit of f?
9
Let u = 40 - 18. What is the units digit of u?
2
Suppose 0 = t + 2*x - 114, -606 = -5*t - x + 3*x. What is the tens digit of t?
2
Let r(d) = 11*d - 72. What is the units digit of r(16)?
4
Suppose -5*s + 3*z = 0, -5*z + 13 = -5*s + 3. Suppose 2*p - 40 = -p + 2*r, s*p - 4*r - 38 = 0. What is the units digit of p?
4
Let i = -58 - -123. What is the units digit of i?
5
Suppose 8*m + 2 = -6. What is the units digit of m + (4 - -55 - 4)?
4
Let n be (4 + -3)/((-2)/12). What is the units digit of ((-6)/4)/(n/16)?
4
Suppose 4*z + 4*c + c = -32, 3*z + 2*c + 24 = 0. Let f be 8/(-3)*(-12)/2. Let h = z + f. What is the units digit of h?
8
Suppose -4*j + 357 = 3*k, 0 = -2*j - 3*k + 5*k + 168. What is the units digit of j?
7
Let r be -2*(-2 - 3/(-6)). Suppose 0 = r*l + l - 72. What is the units digit of (-4)/(-18) + 32/l?
2
Let q(t) = -t**3 + 5*t**2 + 2. Let h be q(5). Let f = h + 7. What is the units digit of f?
9
Suppose 14 = -4*k + y, -4*y = -0 - 8. What is the units digit of (-32)/k - 2/3?
0
Let w = 33 - 29. Let f(l) = -l**2 - l + 20. Let v be f(0). Suppose -w*y + 6*y - v = 0. What is the tens digit of y?
1
Suppose 0 = f - 7. Let u(v) = v**2 - 7*v + 9. What is the units digit of u(f)?
9
Suppose 5*k - 12 = k. Let m = 13 - k. Suppose n + 4*n - m = 0. What is the units digit of n?
2
Suppose 38 + 2 = 4*a. Let l be (9/(-15))/((-2)/a). What is the units digit of (5 - l)*(5 - 2)?
6
Suppose -3*c + 21 = 4*s, -2*c + 6*c + 2*s = 18. Let k(w) = 4*w**2 - 4*w - 1. What is the units digit of k(c)?
3
Suppose 0*h - h = -12. What is the units digit of h?
2
Suppose -5*v + 4*j + 103 = 0, -5*v - 5*j = -70 - 60. What is the tens digit of v?
2
Let n(t) = -4*t**2 - 4*t**3 - 3*t - 22 + 20 + 2*t**3 + 0*t**2. Let f(d) = d**3 + d**2 - d - 2. Let s be f(0). What is the units digit of n(s)?
4
Let y = -21 - -49. What is the tens digit of y?
2
Let n(q) = -2*q**2 - q + 2. Let b(d) = -5*d**2 - 2*d + 4. Let p(h) = -4*b(h) + 9*n(h). Let t be p(2). What is the units digit of 1/((-14)/t - -2)?
4
Let m be (3 - 3)/(-3) + 12. Let y = m + -10. What is the units digit of y?
2
Let s(g) = -28*g + 1. What is the tens digit of s(-1)?
2
Let p be (-6)/(-5)*(-20)/(-3). Suppose 2 = -4*d + 2*d. What is the units digit of p*9/(-12)*d?
6
Let z(f) = -15*f - 21. What is the tens digit of z(-5)?
5
Let f(s) = s**2 - 7. Let l be f(5). Suppose -14 = -x + l. Suppose -v = -5*v + x. What is the units digit of v?
8
Suppose 3*p = 4*p - 40. What is the units digit of p?
0
Suppose 0 = -l + 4*y - 2, 7*l + 2*y - 10 = 3*l. Suppose -s + 5*w = -44, -l*s = 3*w - w - 52. What is the tens digit of s?
2
Suppose 6 + 0 = -2*p. What is the units digit of (30 + p)/3 + -2?
7
Suppose -2*s + 2 = -s. Suppose 2*d = -s*d + 12. What is the units digit of d?
3
Suppose -11 = 2*i - 3. Let o(u) = -u**3 - 2*u**2 + 2*u - 2. What is the units digit of o(i)?
2
Suppose 0 = -2*k + 5*d + 7, -5*k + 0*d = 3*d - 33. Suppose i = k*i. Suppose 0 = -i*z - z + 1. What is the units digit of z?
1
Suppose 5*v - 34 = 3*v. Suppose -4*y + 43 = -v. What is the units digit of y?
5
Let d be (-6)/(-3) + 1*2. Let o be (-1)/(-1) + 1 + 8. Let i = o + d. What is the tens digit of i?
1
Suppose -4 = 4*i + t, 0*i + 5*t = -2*i - 20. Suppose j + 2*j - 12 = i. Suppose -j = -4*k + 28. What is the units digit of k?
8
Suppose 2*x - 460 = -4*b, 10*b - 343 = 7*b - x. What is the hundreds digit of b?
1
Let a be (6/(-24))/(2/(-24)). Suppose 0*s + a*r - 84 = -3*s, 5*s = -r + 140. What is the units digit of s?
8
Let x be 0 - (2 + 0 + -8). Let s = x + 0. What is the units digit of (4/s)/((-2)/(-33))?
1
Let k(a) = -a**2 - 2*a. Let b be k(-2). Suppose -4*i + 18 = d, 5*d + b*d = -4*i + 90. What is the tens digit of d?
1
Let c = 0 + -9. Let l(o) = o + 10*o**2 + 2*o - 12 + 3*o + o**3 + o. What is the units digit of l(c)?
6
Let b(o) = -3*o - 6. Let y(v) = -v - 1. Let c be y(4). Let 